{"id":17642,"date":"2024-02-09T14:49:10","date_gmt":"2024-02-09T14:49:10","guid":{"rendered":"https:\/\/www.eurofirmsfoundation.org\/es\/dialogos-por-la-inclusion-iii\/"},"modified":"2024-07-11T13:07:29","modified_gmt":"2024-07-11T13:07:29","slug":"dialegs-per-la-inclusio-iii","status":"publish","type":"page","link":"https:\/\/www.eurofirmsfoundation.org\/es\/ca\/dialegs-per-la-inclusio-iii\/","title":{"rendered":"Di\u00e0legs per la Inclusi\u00f3 III"},"content":{"rendered":"","protected":false},"excerpt":{"rendered":"","protected":false},"author":4,"featured_media":24197,"parent":0,"menu_order":0,"comment_status":"closed","ping_status":"closed","template":"templates\/dialogos-ii.php","meta":{"inline_featured_image":false,"footnotes":""},"class_list":["post-17642","page","type-page","status-publish","has-post-thumbnail","hentry"],"yoast_head":"<!-- This site is optimized with the Yoast SEO plugin v20.1 - https:\/\/yoast.com\/wordpress\/plugins\/seo\/ -->\n<title>Di\u00e0legs per la Inclusi\u00f3 III - Fundaci\u00f3n Eurofirms Espa\u00f1a<\/title>\n<meta name=\"robots\" content=\"index, follow, max-snippet:-1, max-image-preview:large, max-video-preview:-1\" \/>\n<link rel=\"canonical\" href=\"https:\/\/www.eurofirmsfoundation.org\/es\/ca\/dialegs-per-la-inclusio-iii\/\" \/>\n<meta property=\"og:locale\" content=\"ca_ES\" \/>\n<meta property=\"og:type\" content=\"article\" \/>\n<meta property=\"og:title\" content=\"Di\u00e0legs per la Inclusi\u00f3 III - Fundaci\u00f3n Eurofirms Espa\u00f1a\" \/>\n<meta property=\"og:url\" content=\"https:\/\/www.eurofirmsfoundation.org\/es\/ca\/dialegs-per-la-inclusio-iii\/\" \/>\n<meta property=\"og:site_name\" content=\"Fundaci\u00f3n Eurofirms Espa\u00f1a\" \/>\n<meta property=\"article:modified_time\" content=\"2024-07-11T13:07:29+00:00\" \/>\n<meta name=\"twitter:card\" content=\"summary_large_image\" \/>\n<script type=\"application\/ld+json\" class=\"yoast-schema-graph\">{\"@context\":\"https:\/\/schema.org\",\"@graph\":[{\"@type\":\"WebPage\",\"@id\":\"https:\/\/www.eurofirmsfoundation.org\/es\/ca\/dialegs-per-la-inclusio-iii\/\",\"url\":\"https:\/\/www.eurofirmsfoundation.org\/es\/ca\/dialegs-per-la-inclusio-iii\/\",\"name\":\"Di\u00e0legs per la Inclusi\u00f3 III - Fundaci\u00f3n Eurofirms Espa\u00f1a\",\"isPartOf\":{\"@id\":\"https:\/\/www.eurofirmsfoundation.org\/es\/es\/#website\"},\"datePublished\":\"2024-02-09T14:49:10+00:00\",\"dateModified\":\"2024-07-11T13:07:29+00:00\",\"breadcrumb\":{\"@id\":\"https:\/\/www.eurofirmsfoundation.org\/es\/ca\/dialegs-per-la-inclusio-iii\/#breadcrumb\"},\"inLanguage\":\"ca\",\"potentialAction\":[{\"@type\":\"ReadAction\",\"target\":[\"https:\/\/www.eurofirmsfoundation.org\/es\/ca\/dialegs-per-la-inclusio-iii\/\"]}]},{\"@type\":\"BreadcrumbList\",\"@id\":\"https:\/\/www.eurofirmsfoundation.org\/es\/ca\/dialegs-per-la-inclusio-iii\/#breadcrumb\",\"itemListElement\":[{\"@type\":\"ListItem\",\"position\":1,\"name\":\"Portada\",\"item\":\"https:\/\/www.eurofirmsfoundation.org\/es\/ca\/\"},{\"@type\":\"ListItem\",\"position\":2,\"name\":\"Di\u00e0legs per la Inclusi\u00f3 III\"}]},{\"@type\":\"WebSite\",\"@id\":\"https:\/\/www.eurofirmsfoundation.org\/es\/es\/#website\",\"url\":\"https:\/\/www.eurofirmsfoundation.org\/es\/es\/\",\"name\":\"Fundaci\u00f3n Eurofirms Espa\u00f1a\",\"description\":\"Otro sitio m\u00e1s de Fundaci\u00f3n Eurofirms \",\"potentialAction\":[{\"@type\":\"SearchAction\",\"target\":{\"@type\":\"EntryPoint\",\"urlTemplate\":\"https:\/\/www.eurofirmsfoundation.org\/es\/es\/?s={search_term_string}\"},\"query-input\":\"required name=search_term_string\"}],\"inLanguage\":\"ca\"}]}<\/script>\n<!-- \/ Yoast SEO plugin. -->","yoast_head_json":{"title":"Di\u00e0legs per la Inclusi\u00f3 III - Fundaci\u00f3n Eurofirms Espa\u00f1a","robots":{"index":"index","follow":"follow","max-snippet":"max-snippet:-1","max-image-preview":"max-image-preview:large","max-video-preview":"max-video-preview:-1"},"canonical":"https:\/\/www.eurofirmsfoundation.org\/es\/ca\/dialegs-per-la-inclusio-iii\/","og_locale":"ca_ES","og_type":"article","og_title":"Di\u00e0legs per la Inclusi\u00f3 III - Fundaci\u00f3n Eurofirms Espa\u00f1a","og_url":"https:\/\/www.eurofirmsfoundation.org\/es\/ca\/dialegs-per-la-inclusio-iii\/","og_site_name":"Fundaci\u00f3n Eurofirms Espa\u00f1a","article_modified_time":"2024-07-11T13:07:29+00:00","twitter_card":"summary_large_image","schema":{"@context":"https:\/\/schema.org","@graph":[{"@type":"WebPage","@id":"https:\/\/www.eurofirmsfoundation.org\/es\/ca\/dialegs-per-la-inclusio-iii\/","url":"https:\/\/www.eurofirmsfoundation.org\/es\/ca\/dialegs-per-la-inclusio-iii\/","name":"Di\u00e0legs per la Inclusi\u00f3 III - Fundaci\u00f3n Eurofirms Espa\u00f1a","isPartOf":{"@id":"https:\/\/www.eurofirmsfoundation.org\/es\/es\/#website"},"datePublished":"2024-02-09T14:49:10+00:00","dateModified":"2024-07-11T13:07:29+00:00","breadcrumb":{"@id":"https:\/\/www.eurofirmsfoundation.org\/es\/ca\/dialegs-per-la-inclusio-iii\/#breadcrumb"},"inLanguage":"ca","potentialAction":[{"@type":"ReadAction","target":["https:\/\/www.eurofirmsfoundation.org\/es\/ca\/dialegs-per-la-inclusio-iii\/"]}]},{"@type":"BreadcrumbList","@id":"https:\/\/www.eurofirmsfoundation.org\/es\/ca\/dialegs-per-la-inclusio-iii\/#breadcrumb","itemListElement":[{"@type":"ListItem","position":1,"name":"Portada","item":"https:\/\/www.eurofirmsfoundation.org\/es\/ca\/"},{"@type":"ListItem","position":2,"name":"Di\u00e0legs per la Inclusi\u00f3 III"}]},{"@type":"WebSite","@id":"https:\/\/www.eurofirmsfoundation.org\/es\/es\/#website","url":"https:\/\/www.eurofirmsfoundation.org\/es\/es\/","name":"Fundaci\u00f3n Eurofirms Espa\u00f1a","description":"Otro sitio m\u00e1s de Fundaci\u00f3n Eurofirms ","potentialAction":[{"@type":"SearchAction","target":{"@type":"EntryPoint","urlTemplate":"https:\/\/www.eurofirmsfoundation.org\/es\/es\/?s={search_term_string}"},"query-input":"required name=search_term_string"}],"inLanguage":"ca"}]}},"_links":{"self":[{"href":"https:\/\/www.eurofirmsfoundation.org\/es\/ca\/wp-json\/wp\/v2\/pages\/17642","targetHints":{"allow":["GET"]}}],"collection":[{"href":"https:\/\/www.eurofirmsfoundation.org\/es\/ca\/wp-json\/wp\/v2\/pages"}],"about":[{"href":"https:\/\/www.eurofirmsfoundation.org\/es\/ca\/wp-json\/wp\/v2\/types\/page"}],"author":[{"embeddable":true,"href":"https:\/\/www.eurofirmsfoundation.org\/es\/ca\/wp-json\/wp\/v2\/users\/4"}],"replies":[{"embeddable":true,"href":"https:\/\/www.eurofirmsfoundation.org\/es\/ca\/wp-json\/wp\/v2\/comments?post=17642"}],"version-history":[{"count":14,"href":"https:\/\/www.eurofirmsfoundation.org\/es\/ca\/wp-json\/wp\/v2\/pages\/17642\/revisions"}],"predecessor-version":[{"id":20129,"href":"https:\/\/www.eurofirmsfoundation.org\/es\/ca\/wp-json\/wp\/v2\/pages\/17642\/revisions\/20129"}],"wp:featuredmedia":[{"embeddable":true,"href":"https:\/\/www.eurofirmsfoundation.org\/es\/ca\/wp-json\/wp\/v2\/media\/24197"}],"wp:attachment":[{"href":"https:\/\/www.eurofirmsfoundation.org\/es\/ca\/wp-json\/wp\/v2\/media?parent=17642"}],"curies":[{"name":"wp","href":"https:\/\/api.w.org\/{rel}","templated":true}]}}

Diàlegs per la Inclusió III

<!-- This site is optimized with the Yoast SEO plugin v20.1 - https://yoast.com/wordpress/plugins/seo/ -->
<title>Diàlegs per la Inclusió III - Fundación Eurofirms España</title>
<meta name="robots" content="index, follow, max-snippet:-1, max-image-preview:large, max-video-preview:-1" />
<link rel="canonical" href="https://www.eurofirmsfoundation.org/es/ca/dialegs-per-la-inclusio-iii/" />
<meta property="og:locale" content="ca_ES" />
<meta property="og:type" content="article" />
<meta property="og:title" content="Diàlegs per la Inclusió III - Fundación Eurofirms España" />
<meta property="og:url" content="https://www.eurofirmsfoundation.org/es/ca/dialegs-per-la-inclusio-iii/" />
<meta property="og:site_name" content="Fundación Eurofirms España" />
<meta property="article:modified_time" content="2024-07-11T13:07:29+00:00" />
<meta name="twitter:card" content="summary_large_image" />
<script type="application/ld+json" class="yoast-schema-graph">{"@context":"https://schema.org","@graph":[{"@type":"WebPage","@id":"https://www.eurofirmsfoundation.org/es/ca/dialegs-per-la-inclusio-iii/","url":"https://www.eurofirmsfoundation.org/es/ca/dialegs-per-la-inclusio-iii/","name":"Diàlegs per la Inclusió III - Fundación Eurofirms España","isPartOf":{"@id":"https://www.eurofirmsfoundation.org/es/es/#website"},"datePublished":"2024-02-09T14:49:10+00:00","dateModified":"2024-07-11T13:07:29+00:00","breadcrumb":{"@id":"https://www.eurofirmsfoundation.org/es/ca/dialegs-per-la-inclusio-iii/#breadcrumb"},"inLanguage":"ca","potentialAction":[{"@type":"ReadAction","target":["https://www.eurofirmsfoundation.org/es/ca/dialegs-per-la-inclusio-iii/"]}]},{"@type":"BreadcrumbList","@id":"https://www.eurofirmsfoundation.org/es/ca/dialegs-per-la-inclusio-iii/#breadcrumb","itemListElement":[{"@type":"ListItem","position":1,"name":"Portada","item":"https://www.eurofirmsfoundation.org/es/ca/"},{"@type":"ListItem","position":2,"name":"Diàlegs per la Inclusió III"}]},{"@type":"WebSite","@id":"https://www.eurofirmsfoundation.org/es/es/#website","url":"https://www.eurofirmsfoundation.org/es/es/","name":"Fundación Eurofirms España","description":"Otro sitio más de Fundación Eurofirms ","potentialAction":[{"@type":"SearchAction","target":{"@type":"EntryPoint","urlTemplate":"https://www.eurofirmsfoundation.org/es/es/?s={search_term_string}"},"query-input":"required name=search_term_string"}],"inLanguage":"ca"}]}</script>
<!-- / Yoast SEO plugin. -->

Diàlegs per la Inclusió III - Fundación Eurofirms España

Fundación Eurofirms España

Otro sitio más de Fundación Eurofirms
